{"id":10089,"date":"2023-09-20T14:03:38","date_gmt":"2023-09-20T14:03:38","guid":{"rendered":"https:\/\/bridge492.qodeinteractive.com\/?page_id=20"},"modified":"2025-05-04T22:49:44","modified_gmt":"2025-05-04T22:49:44","slug":"home","status":"publish","type":"page","link":"https:\/\/brangusdelta.com\/","title":{"rendered":"Home"},"content":{"rendered":"\t\t<div data-elementor-type=\"wp-page\" data-elementor-id=\"10089\" class=\"elementor elementor-10089\">\n\t\t\t\t<div class=\"elementor-element elementor-element-0f4590d e-con-full e-flex parallax_section_no qode_elementor_container_no e-con e-parent\" data-id=\"0f4590d\" data-element_type=\"container\">\n\t\t\t\t<div class=\"elementor-element elementor-element-6180983 elementor-widget elementor-widget-slider_revolution\" data-id=\"6180983\" data-element_type=\"widget\" data-widget_type=\"slider_revolution.default\">\n\t\t\t\t<div class=\"elementor-widget-container\">\n\t\t\t\t\t\n\t\t<div class=\"wp-block-themepunch-revslider\">\n\t\t\t\t<p class=\"rs-p-wp-fix\"><\/p>\n\t\t\t\t<sr7-module data-alias=\"main-home\" data-id=\"1\" id=\"SR7_1_1\" class=\"rs-ov-hidden\" data-version=\"6.7.25\">\n\t\t\t\t\t<sr7-adjuster><\/sr7-adjuster>\n\t\t\t\t\t<sr7-content>\n\t\t\t\t\t\t<sr7-slide id=\"SR7_1_1-1\" data-key=\"1\">\n\t\t\t\t\t\t\t<sr7-bg id=\"SR7_1_1-1-1\" class=\"sr7-layer\"><noscript><img decoding=\"async\" src=\"https:\/\/brangusdelta.com\/wp-content\/uploads\/2025\/01\/Banner-2.jpg\" alt=\"\" title=\"Banner-2\"><\/noscript><\/sr7-bg>\n\t\t\t\t\t\t<\/sr7-slide>\n\t\t\t\t\t\t<sr7-slide id=\"SR7_1_1-4\" data-key=\"4\">\n\t\t\t\t\t\t<\/sr7-slide>\n\t\t\t\t\t<\/sr7-content>\n\t\t\t\t\t<image_lists style=\"display:none\">\n\t\t\t\t\t\t<img data-src=\"\/\/brangusdelta.com\/wp-content\/uploads\/2025\/01\/Banner-2.jpg\" data-libid=\"10119\" data-lib=\"medialibrary\" title=\"Banner-2\" width=\"0\" height=\"0\" data-dbsrc=\"Ly9icmFuZ3VzZGVsdGEuY29tL3dwLWNvbnRlbnQvdXBsb2Fkcy8yMDI1LzAxL0Jhbm5lci0yLmpwZw==\"\/>\n\t\t\t\t\t<\/image_lists>\n\t\t\t\t<\/sr7-module>\n\t\t\t\t<script>\n\t\t\t\t\tSR7.PMH ??={}; SR7.PMH[\"SR7_1_1\"] = {cn:100,state:false,fn: function() { if (_tpt!==undefined && _tpt.prepareModuleHeight !== undefined) {  _tpt.prepareModuleHeight({id:\"SR7_1_1\",el:[900,900,768,960,720],type:'standard',shdw:'0',gh:[900,900,768,960,720],gw:[1300,1300,1100,600,300],vpt:['-100px&#039;,&#039;-100px&#039;,&#039;-100px&#039;,&#039;-100px&#039;,&#039;-100px'],size:{fullWidth:true, fullHeight:true},fho:',0px',mh:'0',onh:0,onw:0,bg:{color:'{\"type\":\"solid\",\"orig\":\"#fcfafa\",\"string\":\"rgba(252, 250, 250, 1)\"}'}});   SR7.PMH[\"SR7_1_1\"].state=true;} else if(SR7.PMH[\"SR7_1_1\"].cn-->0)\tsetTimeout( SR7.PMH[\"SR7_1_1\"].fn,19);}};SR7.PMH[\"SR7_1_1\" ].fn();\n\t\t\t\t<\/script>\n<\/div>\n\n\t\t\t\t\t\t<\/div>\n\t\t\t\t<\/div>\n\t\t\t\t<\/div>\n\t\t<div class=\"elementor-element elementor-element-e14e810 e-con-full qode_elementor_container_inner e-flex parallax_section_no e-con e-parent\" data-id=\"e14e810\" data-element_type=\"container\">\n\t\t\t\t<div class=\"elementor-element elementor-element-3c00959 elementor-widget elementor-widget-bridge_custom_font\" data-id=\"3c00959\" data-element_type=\"widget\" data-widget_type=\"bridge_custom_font.default\">\n\t\t\t\t<div class=\"elementor-widget-container\">\n\t\t\t\t\t<div class=\"custom_font_holder \" style=\"font-family: &#039;tuesday night&#039;; font-style: normal; font-weight: 300; color: #01344A36; text-decoration: none; text-align: center; --qode-cf-font-size: 90px; --qode-cf-line-height: 120px; --qode-cf-font-size-1440: 90px; --qode-cf-line-height-1440: 120px; --qode-cf-font-size-1366: 90px; --qode-cf-line-height-1366: 120px; --qode-cf-font-size-1280: 90px; --qode-cf-line-height-1280: 120px; --qode-cf-font-size-1024: 90px; --qode-cf-line-height-1024: 120px; --qode-cf-font-size-768: 90px; --qode-cf-line-height-768: 120px; --qode-cf-font-size-680: 90px; --qode-cf-line-height-680: 120px; --qode-cf-font-size-480: 90px; --qode-cf-line-height-480: 120px;\">Brangus Delta<\/div>\t\t\t\t<\/div>\n\t\t\t\t<\/div>\n\t\t\t\t<div class=\"elementor-element elementor-element-345239c elementor-widget elementor-widget-text-editor\" data-id=\"345239c\" data-element_type=\"widget\" data-widget_type=\"text-editor.default\">\n\t\t\t\t<div class=\"elementor-widget-container\">\n\t\t\t\t\t\t\t\t\t<h2>Quienes Somos\u00a0<\/h2>\t\t\t\t\t\t\t\t<\/div>\n\t\t\t\t<\/div>\n\t\t\t\t<\/div>\n\t\t<div class=\"elementor-element elementor-element-8a4a415 e-con-full e-flex parallax_section_no qode_elementor_container_no e-con e-parent\" data-id=\"8a4a415\" data-element_type=\"container\">\n\t\t<div class=\"elementor-element elementor-element-035d1fe e-con-full e-flex parallax_section_no qode_elementor_container_no e-con e-child\" data-id=\"035d1fe\" data-element_type=\"container\">\n\t\t\t\t<div class=\"elementor-element elementor-element-dd05e4f elementor-widget elementor-widget-bridge_image_gallery\" data-id=\"dd05e4f\" data-element_type=\"widget\" data-widget_type=\"bridge_image_gallery.default\">\n\t\t\t\t<div class=\"elementor-widget-container\">\n\t\t\t\t\t<div class=\"qode-image-gallery\"><div class=\"qode-image-gallery-inner\"><div class=\"qode-image-gallery-slides wpb_image_grid\" data-interval=\"\"data-drag=\"false\"><div class=\"gallery_holder\"><ul class=\"gallery_inner   v0\"><li class=\"no_grayscale\"><img decoding=\"async\" src=\"https:\/\/brangusdelta.com\/wp-content\/uploads\/2025\/01\/QUIEN-SOMOS-ANGUS-Y-BRANGUS.jpg\" \/><\/li><\/ul><\/div><\/div><\/div><\/div>\t\t\t\t<\/div>\n\t\t\t\t<\/div>\n\t\t\t\t<\/div>\n\t\t<div class=\"elementor-element elementor-element-1285df3 e-con-full e-flex parallax_section_no qode_elementor_container_no e-con e-child\" data-id=\"1285df3\" data-element_type=\"container\" data-settings=\"{&quot;background_background&quot;:&quot;classic&quot;}\">\n\t\t\t\t<div class=\"elementor-element elementor-element-5981bac elementor-widget elementor-widget-text-editor\" data-id=\"5981bac\" data-element_type=\"widget\" data-widget_type=\"text-editor.default\">\n\t\t\t\t<div class=\"elementor-widget-container\">\n\t\t\t\t\t\t\t\t\t<h4>Bienvenidos a Delta Brangus.<\/h4>\t\t\t\t\t\t\t\t<\/div>\n\t\t\t\t<\/div>\n\t\t\t\t<div class=\"elementor-element elementor-element-aebdf13 elementor-widget__width-initial elementor-widget elementor-widget-text-editor\" data-id=\"aebdf13\" data-element_type=\"widget\" data-widget_type=\"text-editor.default\">\n\t\t\t\t<div class=\"elementor-widget-container\">\n\t\t\t\t\t\t\t\t\t<p style=\"font-weight: 400;\">Somos una empresa ganadera l\u00edder en el mercado nacional e internacional de las razas Angus y Brangus, contamos con la mayor oferta gen\u00e9tica de reproductores de las razas Angus y Brangus del pa\u00eds, comercializando semen importado Argentino y embriones bovinos de nuestras reconocidas donantes, todas ellas campeonas y madres de campeonas nacionales.<br \/><br \/><\/p><p style=\"font-weight: 400;\">Contamos con disponibilidad permanente de toretes y novillas puro con registro, fruto del exigente programa gen\u00e9tico que desarrollamos en los diferentes centros\u00a0productivos. Contamos con uno de los n\u00facleos de familias de madres m\u00e1s consistentes y f\u00e9rtiles de Colombia, gracias a tres d\u00e9cadas de selecci\u00f3n y continuo mejoramiento en las razas Angus y Brangus.<br \/><br \/><\/p><p style=\"font-weight: 400;\">Te invitamos a conocer toda nuestra oferta gen\u00e9tica, \u00a1no pierdas la oportunidad de invertir en el futuro de tu ganader\u00eda!<\/p>\t\t\t\t\t\t\t\t<\/div>\n\t\t\t\t<\/div>\n\t\t\t\t<\/div>\n\t\t\t\t<\/div>\n\t\t<div class=\"elementor-element elementor-element-c1e611d e-con-full e-flex parallax_section_no qode_elementor_container_no e-con e-parent\" data-id=\"c1e611d\" data-element_type=\"container\">\n\t\t<div class=\"elementor-element elementor-element-1b00d7e e-con-full e-flex parallax_section_no qode_elementor_container_no e-con e-child\" data-id=\"1b00d7e\" data-element_type=\"container\" data-settings=\"{&quot;background_background&quot;:&quot;classic&quot;}\">\n\t\t\t\t<div class=\"elementor-element elementor-element-35fac5b elementor-widget__width-initial elementor-widget elementor-widget-text-editor\" data-id=\"35fac5b\" data-element_type=\"widget\" data-widget_type=\"text-editor.default\">\n\t\t\t\t<div class=\"elementor-widget-container\">\n\t\t\t\t\t\t\t\t\t<p><span style=\"color: #ffffff;\"><br \/>PREDIOS<\/span><br \/><span style=\"color: #ffffff;\"><br \/>FINCA LA SERRANIA<\/span><\/p><p>San Pedro de Los Milagros, Antioquia: N\u00facleo de Brangus puro con registro.<br \/><br \/><\/p><p><span style=\"color: #ffffff;\">Hacienda La Serena<\/span><\/p><p>Sotaquita, Boyaca: N\u00facleo de Angus puro con registro.<\/p>\t\t\t\t\t\t\t\t<\/div>\n\t\t\t\t<\/div>\n\t\t\t\t<\/div>\n\t\t<div class=\"elementor-element elementor-element-cb2b47f e-con-full e-flex parallax_section_no qode_elementor_container_no e-con e-child\" data-id=\"cb2b47f\" data-element_type=\"container\">\n\t\t\t\t<div class=\"elementor-element elementor-element-27cb9a5 elementor-widget elementor-widget-bridge_image_gallery\" data-id=\"27cb9a5\" data-element_type=\"widget\" data-widget_type=\"bridge_image_gallery.default\">\n\t\t\t\t<div class=\"elementor-widget-container\">\n\t\t\t\t\t<div class=\"qode-image-gallery\"><div class=\"qode-image-gallery-inner\"><div class=\"qode-image-gallery-slides wpb_image_grid\" data-interval=\"\"data-drag=\"false\"><div class=\"gallery_holder\"><ul class=\"gallery_inner   v0\"><li class=\"no_grayscale\"><img decoding=\"async\" src=\"https:\/\/brangusdelta.com\/wp-content\/uploads\/2025\/01\/PREDIOS-ANGUS-Y-BRANGUS.jpg\" \/><\/li><\/ul><\/div><\/div><\/div><\/div>\t\t\t\t<\/div>\n\t\t\t\t<\/div>\n\t\t\t\t<\/div>\n\t\t\t\t<\/div>\n\t\t<div style=\"background-image: url(https:\/\/brangusdelta.com\/wp-content\/uploads\/2025\/01\/la-serrania-8.jpg);\" class=\"parallax_section_holder elementor-element elementor-element-d1385c4 e-con-full parallax_section_holder e-flex qode_elementor_container_no e-con e-parent\" data-speed=\"0\" data-id=\"d1385c4\" data-element_type=\"container\" data-settings=\"{&quot;qode_parallax_image&quot;:{&quot;url&quot;:&quot;https:\\\/\\\/brangusdelta.com\\\/wp-content\\\/uploads\\\/2025\\\/01\\\/la-serrania-8.jpg&quot;,&quot;id&quot;:10260,&quot;size&quot;:&quot;&quot;,&quot;alt&quot;:&quot;&quot;,&quot;source&quot;:&quot;library&quot;}}\">\n\t\t<div class=\"elementor-element elementor-element-9be2701 e-con-full e-flex parallax_section_no qode_elementor_container_no e-con e-child\" data-id=\"9be2701\" data-element_type=\"container\">\n\t\t<div class=\"elementor-element elementor-element-1496644 e-grid e-con-full parallax_section_no qode_elementor_container_no e-con e-child\" data-id=\"1496644\" data-element_type=\"container\">\n\t\t<div class=\"elementor-element elementor-element-a7b1aa9 e-con-full e-flex parallax_section_no qode_elementor_container_no e-con e-child\" data-id=\"a7b1aa9\" data-element_type=\"container\" data-settings=\"{&quot;background_background&quot;:&quot;classic&quot;}\">\n\t\t\t\t<div class=\"elementor-element elementor-element-b591d71 elementor-widget elementor-widget-text-editor\" data-id=\"b591d71\" data-element_type=\"widget\" data-widget_type=\"text-editor.default\">\n\t\t\t\t<div class=\"elementor-widget-container\">\n\t\t\t\t\t\t\t\t\t<h5>Descarga de CAT\u00c1LOGO DE REPRODUCTORES\u00a0DELTA BRANGUS 2025.<\/h5>\t\t\t\t\t\t\t\t<\/div>\n\t\t\t\t<\/div>\n\t\t\t\t<div class=\"elementor-element elementor-element-5728fa8 elementor-widget elementor-widget-image\" data-id=\"5728fa8\" data-element_type=\"widget\" data-widget_type=\"image.default\">\n\t\t\t\t<div class=\"elementor-widget-container\">\n\t\t\t\t\t\t\t\t\t\t\t\t\t\t\t\t<a href=\"https:\/\/brangusdelta.com\/wp-content\/uploads\/2025\/01\/CATALOGO-DE-REPRODUCTORES-DELTA-BRANGUS-2025.pdf\">\n\t\t\t\t\t\t\t<img fetchpriority=\"high\" decoding=\"async\" width=\"1024\" height=\"797\" src=\"https:\/\/brangusdelta.com\/wp-content\/uploads\/2025\/01\/Catalogo-MKP-2025-C-1024x797.jpg\" class=\"attachment-large size-large wp-image-10283\" alt=\"\" srcset=\"https:\/\/brangusdelta.com\/wp-content\/uploads\/2025\/01\/Catalogo-MKP-2025-C-1024x797.jpg 1024w, https:\/\/brangusdelta.com\/wp-content\/uploads\/2025\/01\/Catalogo-MKP-2025-C-300x234.jpg 300w, https:\/\/brangusdelta.com\/wp-content\/uploads\/2025\/01\/Catalogo-MKP-2025-C-768x598.jpg 768w, https:\/\/brangusdelta.com\/wp-content\/uploads\/2025\/01\/Catalogo-MKP-2025-C-1536x1196.jpg 1536w, https:\/\/brangusdelta.com\/wp-content\/uploads\/2025\/01\/Catalogo-MKP-2025-C-700x545.jpg 700w, https:\/\/brangusdelta.com\/wp-content\/uploads\/2025\/01\/Catalogo-MKP-2025-C-600x467.jpg 600w, https:\/\/brangusdelta.com\/wp-content\/uploads\/2025\/01\/Catalogo-MKP-2025-C.jpg 1920w\" sizes=\"(max-width: 1024px) 100vw, 1024px\" \/>\t\t\t\t\t\t\t\t<\/a>\n\t\t\t\t\t\t\t\t\t\t\t\t\t\t\t<\/div>\n\t\t\t\t<\/div>\n\t\t\t\t<div class=\"elementor-element elementor-element-7cb4c93 elementor-widget elementor-widget-qi_addons_for_elementor_button\" data-id=\"7cb4c93\" data-element_type=\"widget\" data-widget_type=\"qi_addons_for_elementor_button.default\">\n\t\t\t\t<div class=\"elementor-widget-container\">\n\t\t\t\t\t<a class=\"qodef-shortcode qodef-m qodef-qi-button qodef-html--link qodef-layout--filled qodef-type--standard qodef-size--small qodef-icon--right qodef-hover--icon-move-horizontal-short\" href=\"https:\/\/brangusdelta.com\/wp-content\/uploads\/2025\/01\/CATALOGO-DE-REPRODUCTORES-DELTA-BRANGUS-2025.pdf\" target=\"_blank\">\n\t<span class=\"qodef-m-text\">Descargar<\/span>\n\t<\/a>\n\t\t\t\t<\/div>\n\t\t\t\t<\/div>\n\t\t\t\t<\/div>\n\t\t<div class=\"elementor-element elementor-element-f9e1b16 e-con-full e-flex parallax_section_no qode_elementor_container_no e-con e-child\" data-id=\"f9e1b16\" data-element_type=\"container\" data-settings=\"{&quot;background_background&quot;:&quot;classic&quot;}\">\n\t\t\t\t<div class=\"elementor-element elementor-element-b8cfd16 elementor-widget elementor-widget-text-editor\" data-id=\"b8cfd16\" data-element_type=\"widget\" data-widget_type=\"text-editor.default\">\n\t\t\t\t<div class=\"elementor-widget-container\">\n\t\t\t\t\t\t\t\t\t<h5>Descarga de CAT\u00c1LOGO DE REMATE presente y futuro<br \/>2025.<\/h5>\t\t\t\t\t\t\t\t<\/div>\n\t\t\t\t<\/div>\n\t\t\t\t<div class=\"elementor-element elementor-element-43c4229 elementor-widget elementor-widget-image\" data-id=\"43c4229\" data-element_type=\"widget\" data-widget_type=\"image.default\">\n\t\t\t\t<div class=\"elementor-widget-container\">\n\t\t\t\t\t\t\t\t\t\t\t\t\t\t\t\t<a href=\"https:\/\/brangusdelta.com\/wp-content\/uploads\/2025\/05\/CATALOGO-2025.pdf\">\n\t\t\t\t\t\t\t<img decoding=\"async\" width=\"700\" height=\"545\" src=\"https:\/\/brangusdelta.com\/wp-content\/uploads\/2025\/04\/Catalogo-MKP-2025.jpg\" class=\"attachment-large size-large wp-image-10427\" alt=\"\" srcset=\"https:\/\/brangusdelta.com\/wp-content\/uploads\/2025\/04\/Catalogo-MKP-2025.jpg 700w, https:\/\/brangusdelta.com\/wp-content\/uploads\/2025\/04\/Catalogo-MKP-2025-300x234.jpg 300w, https:\/\/brangusdelta.com\/wp-content\/uploads\/2025\/04\/Catalogo-MKP-2025-600x467.jpg 600w\" sizes=\"(max-width: 700px) 100vw, 700px\" \/>\t\t\t\t\t\t\t\t<\/a>\n\t\t\t\t\t\t\t\t\t\t\t\t\t\t\t<\/div>\n\t\t\t\t<\/div>\n\t\t\t\t<div class=\"elementor-element elementor-element-17a7587 elementor-widget elementor-widget-qi_addons_for_elementor_button\" data-id=\"17a7587\" data-element_type=\"widget\" data-widget_type=\"qi_addons_for_elementor_button.default\">\n\t\t\t\t<div class=\"elementor-widget-container\">\n\t\t\t\t\t<a class=\"qodef-shortcode qodef-m qodef-qi-button qodef-html--link qodef-layout--filled qodef-type--standard qodef-size--small qodef-icon--right qodef-hover--icon-move-horizontal-short\" href=\"https:\/\/brangusdelta.com\/wp-content\/uploads\/2025\/05\/CATALOGO-2025.pdf\" target=\"_blank\">\n\t<span class=\"qodef-m-text\">Descargar<\/span>\n\t<\/a>\n\t\t\t\t<\/div>\n\t\t\t\t<\/div>\n\t\t\t\t<\/div>\n\t\t\t\t<\/div>\n\t\t\t\t<\/div>\n\t\t\t\t<\/div>\n\t\t<div class=\"elementor-element elementor-element-26dfb16 e-flex e-con-boxed parallax_section_no qode_elementor_container_no e-con e-parent\" data-id=\"26dfb16\" data-element_type=\"container\">\n\t\t\t\t\t<div class=\"e-con-inner\">\n\t\t<div class=\"elementor-element elementor-element-99d8f26 e-con-full e-flex parallax_section_no qode_elementor_container_no e-con e-child\" data-id=\"99d8f26\" data-element_type=\"container\">\n\t\t\t\t<div class=\"elementor-element elementor-element-71cb8bc elementor-widget elementor-widget-image\" data-id=\"71cb8bc\" data-element_type=\"widget\" data-widget_type=\"image.default\">\n\t\t\t\t<div class=\"elementor-widget-container\">\n\t\t\t\t\t\t\t\t\t\t\t\t\t\t\t<img loading=\"lazy\" decoding=\"async\" width=\"656\" height=\"1024\" src=\"https:\/\/brangusdelta.com\/wp-content\/uploads\/2025\/01\/Imagen-de-WhatsApp-2025-01-15-a-las-13.31.58_305f746c-656x1024.jpg\" class=\"attachment-large size-large wp-image-10179\" alt=\"\" srcset=\"https:\/\/brangusdelta.com\/wp-content\/uploads\/2025\/01\/Imagen-de-WhatsApp-2025-01-15-a-las-13.31.58_305f746c-656x1024.jpg 656w, https:\/\/brangusdelta.com\/wp-content\/uploads\/2025\/01\/Imagen-de-WhatsApp-2025-01-15-a-las-13.31.58_305f746c-192x300.jpg 192w, https:\/\/brangusdelta.com\/wp-content\/uploads\/2025\/01\/Imagen-de-WhatsApp-2025-01-15-a-las-13.31.58_305f746c-768x1199.jpg 768w, https:\/\/brangusdelta.com\/wp-content\/uploads\/2025\/01\/Imagen-de-WhatsApp-2025-01-15-a-las-13.31.58_305f746c-700x1093.jpg 700w, https:\/\/brangusdelta.com\/wp-content\/uploads\/2025\/01\/Imagen-de-WhatsApp-2025-01-15-a-las-13.31.58_305f746c-600x937.jpg 600w, https:\/\/brangusdelta.com\/wp-content\/uploads\/2025\/01\/Imagen-de-WhatsApp-2025-01-15-a-las-13.31.58_305f746c.jpg 820w\" sizes=\"(max-width: 656px) 100vw, 656px\" \/>\t\t\t\t\t\t\t\t\t\t\t\t\t\t\t<\/div>\n\t\t\t\t<\/div>\n\t\t\t\t<\/div>\n\t\t<div class=\"elementor-element elementor-element-0911ff6 e-con-full e-flex parallax_section_no qode_elementor_container_no e-con e-child\" data-id=\"0911ff6\" data-element_type=\"container\">\n\t\t\t\t<div class=\"elementor-element elementor-element-42787f7 elementor-widget elementor-widget-heading\" data-id=\"42787f7\" data-element_type=\"widget\" data-widget_type=\"heading.default\">\n\t\t\t\t<div class=\"elementor-widget-container\">\n\t\t\t\t\t<h3 class=\"elementor-heading-title elementor-size-default\">Contactanos<\/h3>\t\t\t\t<\/div>\n\t\t\t\t<\/div>\n\t\t\t\t<div class=\"elementor-element elementor-element-a848f17 elementor-widget elementor-widget-bridge_cf_7\" data-id=\"a848f17\" data-element_type=\"widget\" data-widget_type=\"bridge_cf_7.default\">\n\t\t\t\t<div class=\"elementor-widget-container\">\n\t\t\t\t\t    <div class=\"qode-contact-form-7 qode-contact-form-7-0\">\n    \n<div class=\"wpcf7 no-js\" id=\"wpcf7-f9465-o1\" lang=\"en-US\" dir=\"ltr\" data-wpcf7-id=\"9465\">\n<div class=\"screen-reader-response\"><p role=\"status\" aria-live=\"polite\" aria-atomic=\"true\"><\/p> <ul><\/ul><\/div>\n<form action=\"\/index.php?rest_route=%2Fwp%2Fv2%2Fpages%2F10089#wpcf7-f9465-o1\" method=\"post\" class=\"wpcf7-form init default\" aria-label=\"Contact form\" novalidate=\"novalidate\" data-status=\"init\">\n<div style=\"display: none;\">\n<input type=\"hidden\" name=\"_wpcf7\" value=\"9465\" \/>\n<input type=\"hidden\" name=\"_wpcf7_version\" value=\"6.0.4\" \/>\n<input type=\"hidden\" name=\"_wpcf7_locale\" value=\"en_US\" \/>\n<input type=\"hidden\" name=\"_wpcf7_unit_tag\" value=\"wpcf7-f9465-o1\" \/>\n<input type=\"hidden\" name=\"_wpcf7_container_post\" value=\"0\" \/>\n<input type=\"hidden\" name=\"_wpcf7_posted_data_hash\" value=\"\" \/>\n<\/div>\n<div class=\"two_columns_50_50 clearfix\">\n    <div class=\"column1\">\n        <div class=\"column_inner\">\n\t<span class=\"wpcf7-form-control-wrap\" data-name=\"your-name\"><input size=\"40\" maxlength=\"400\" class=\"wpcf7-form-control wpcf7-text wpcf7-validates-as-required\" aria-required=\"true\" aria-invalid=\"false\" placeholder=\"Nombre\" value=\"\" type=\"text\" name=\"your-name\" \/><\/span>\n        <\/div>\n    <\/div>\n    <div class=\"column2\">\n        <div class=\"column_inner\">\n\t<span class=\"wpcf7-form-control-wrap\" data-name=\"your-email\"><input size=\"40\" maxlength=\"400\" class=\"wpcf7-form-control wpcf7-email wpcf7-validates-as-required wpcf7-text wpcf7-validates-as-email\" aria-required=\"true\" aria-invalid=\"false\" placeholder=\"Email\" value=\"\" type=\"email\" name=\"your-email\" \/><\/span>\n        <\/div>\n    <\/div>\n<div class=\"column1\">\n        <div class=\"column_inner\">\n         <span class=\"wpcf7-form-control-wrap\" data-name=\"select-293\"><select class=\"wpcf7-form-control wpcf7-select\" aria-invalid=\"false\" name=\"select-293\"><option value=\"Actividad\">Actividad<\/option><option value=\"Ganader\u00eda\">Ganader\u00eda<\/option><option value=\"Profesional carreras agropecuarias\">Profesional carreras agropecuarias<\/option><option value=\"Otros\">Otros<\/option><\/select><\/span>\n        <\/div>\n    <\/div>\n    <div class=\"column2\">\n        <div class=\"column_inner\">\n        <span class=\"wpcf7-form-control-wrap\" data-name=\"otros\"><input size=\"40\" maxlength=\"400\" class=\"wpcf7-form-control wpcf7-text\" aria-invalid=\"false\" placeholder=\"Numero de acompa\u00f1antes\" value=\"\" type=\"text\" name=\"otros\" \/><\/span>\n        <\/div>\n    <\/div>\n <div class=\"column1\">\n        <div class=\"column_inner\">\n\t<span class=\"wpcf7-form-control-wrap\" data-name=\"your-name2\"><input size=\"40\" maxlength=\"400\" class=\"wpcf7-form-control wpcf7-text wpcf7-validates-as-required\" aria-required=\"true\" aria-invalid=\"false\" placeholder=\"Nombre ganader\u00eda y\/o empresa\" value=\"\" type=\"text\" name=\"your-name2\" \/><\/span>\n        <\/div>\n    <\/div>\n    <div class=\"column2\">\n        <div class=\"column_inner\">\n        <span class=\"wpcf7-form-control-wrap\" data-name=\"number-128\"><input class=\"wpcf7-form-control wpcf7-number wpcf7-validates-as-number\" aria-invalid=\"false\" placeholder=\"Telefono\" value=\"\" type=\"number\" name=\"number-128\" \/><\/span>\n        <\/div>\n    <\/div>\n<\/div>\n<input class=\"wpcf7-form-control wpcf7-submit has-spinner\" type=\"submit\" value=\"Enviar\" \/><input type='hidden' class='wpcf7-pum' value='{\"closepopup\":false,\"closedelay\":0,\"openpopup\":false,\"openpopup_id\":0}' \/><div class=\"wpcf7-response-output\" aria-hidden=\"true\"><\/div>\n<\/form>\n<\/div>\n    <\/div>\n\t\t\t\t<\/div>\n\t\t\t\t<\/div>\n\t\t\t\t<\/div>\n\t\t\t\t\t<\/div>\n\t\t\t\t<\/div>\n\t\t\t\t<\/div>\n\t\t","protected":false},"excerpt":{"rendered":"<p>Brangus Delta Quienes Somos\u00a0 Bienvenidos a Delta Brangus. Somos una empresa ganadera l\u00edder en el mercado nacional e internacional de las razas Angus y Brangus, contamos con la mayor oferta gen\u00e9tica de reproductores de las razas Angus y Brangus del pa\u00eds, comercializando semen importado Argentino y embriones bovinos de nuestras reconocidas donantes, todas ellas campeonas y madres de campeonas nacionales&#8230;.<\/p>\n","protected":false},"author":1,"featured_media":0,"parent":0,"menu_order":0,"comment_status":"closed","ping_status":"closed","template":"elementor_header_footer","meta":{"content-type":"","footnotes":""},"class_list":["post-10089","page","type-page","status-publish","hentry"],"_links":{"self":[{"href":"https:\/\/brangusdelta.com\/index.php?rest_route=\/wp\/v2\/pages\/10089","targetHints":{"allow":["GET"]}}],"collection":[{"href":"https:\/\/brangusdelta.com\/index.php?rest_route=\/wp\/v2\/pages"}],"about":[{"href":"https:\/\/brangusdelta.com\/index.php?rest_route=\/wp\/v2\/types\/page"}],"author":[{"embeddable":true,"href":"https:\/\/brangusdelta.com\/index.php?rest_route=\/wp\/v2\/users\/1"}],"replies":[{"embeddable":true,"href":"https:\/\/brangusdelta.com\/index.php?rest_route=%2Fwp%2Fv2%2Fcomments&post=10089"}],"version-history":[{"count":5,"href":"https:\/\/brangusdelta.com\/index.php?rest_route=\/wp\/v2\/pages\/10089\/revisions"}],"predecessor-version":[{"id":10452,"href":"https:\/\/brangusdelta.com\/index.php?rest_route=\/wp\/v2\/pages\/10089\/revisions\/10452"}],"wp:attachment":[{"href":"https:\/\/brangusdelta.com\/index.php?rest_route=%2Fwp%2Fv2%2Fmedia&parent=10089"}],"curies":[{"name":"wp","href":"https:\/\/api.w.org\/{rel}","templated":true}]}}